777
In base 9, what is 20 - -1504475?
1504505
In base 10, what is 108634715 + -5?
108634710
In base 2, what is 10011110011111100010 + -100110110?
10011110011010101100
In base 11, what is -279128 + -23?
-279150
In base 15, what is -31c787 + -e?
-31c796
In base 13, what is a + 30b54c2?
30b54cc
In base 15, what is 4 + ecb874?
ecb878
In base 9, what is 2 - 1387627?
-1387625
In base 4, what is -2131 + 12020201010?
12020132213
In base 8, what is -155161600 - 5?
-155161605
In base 7, what is 42126521 + -155?
42126333
In base 12, what is 7b2 - 74a11?
-7421b
In base 7, what is -560442 - -455?
-556654
In base 7, what is -11526043 + -20?
-11526063
In base 12, what is -393b - -a54?
-2aa7
In base 3, what is 1 + 10201110101000221?
10201110101000222
In base 11, what is 44860 - 58?
44803
In base 2, what is 10 - -10111100010010101010110?
10111100010010101011000
In base 2, what is 10100010010101011 - 101001?
10100010010000010
In base 16, what is -166232b - -2?
-1662329
In base 6, what is -154310433 + 0?
-154310433
In base 7, what is 2 - 422643034?
-422643032
In base 11, what is 4a - -aa78a1?
aa7940
In base 6, what is -122 - 43522235?
-43522401
In base 11, what is 5 - 139433187?
-139433182
In base 16, what is 1a + -415f65?
-415f4b
In base 5, what is -13243104 - -13332?
-13224222
In base 8, what is -2 - -1243334326?
1243334324
In base 4, what is 2321 - 111110111123?
-111110102202
In base 6, what is 2 - 335055230?
-335055224
In base 12, what is b + -bb8b08?
-bb8ab9
In base 9, what is -5507 + -1345?
-6853
In base 4, what is -11123131313031 - -11?
-11123131313020
In base 16, what is 4cd8ab + -1?
4cd8aa
In base 9, what is 3 + -12130822?
-12130818
In base 15, what is 3 + -c76c850?
-c76c84c
In base 2, what is -100001111010010011 + 101001111?
-100001110101000100
In base 14, what is 388baa + 2?
388bac
In base 3, what is 10 + 210200211202121?
210200211202201
In base 14, what is a78bbc + 0?
a78bbc
In base 11, what is -154695 + -6?
-1546a0
In base 16, what is -39 - -6feac2?
6fea89
In base 5, what is -1140021104 + 24?
-1140021030
In base 14, what is -2 + b1c3d2?
b1c3d0
In base 2, what is 100011100000110100110000110 + 0?
100011100000110100110000110
In base 7, what is 3411 - 206124?
-202413
In base 8, what is 11156 + -6173?
2763
In base 10, what is -26636 - -1948?
-24688
In base 5, what is -2223 - 1234433?
-1242211
In base 3, what is -20012201011 - -1200?
-20012122111
In base 9, what is 186 - 15635?
-15438
In base 11, what is 1888 + -22436?
-20659
In base 6, what is -2504340 - 433?
-2505213
In base 14, what is -4bb6bc10 - -4?
-4bb6bc0a
In base 3, what is -10010112 + 12200121?
2120002
In base 15, what is 5162e1b + -6?
5162e15
In base 15, what is -225a + 87e?
-18cb
In base 13, what is -2bb - 480629?
-480917
In base 9, what is 48887 + 231?
50228
In base 10, what is 4588980 - -183?
4589163
In base 4, what is -3203 - 32023013032?
-32023022301
In base 6, what is 145 + -1311342?
-1311153
In base 16, what is -5 - 8960866?
-896086b
In base 2, what is -100 + -100101011100110110011101001?
-100101011100110110011101101
In base 14, what is 228d0 + -a6?
22828
In base 15, what is -156aa15 - -1d?
-156a9e7
In base 4, what is 3113223231133 + -1?
3113223231132
In base 6, what is -140541314 + 51?
-140541223
In base 9, what is 18130824 + -4?
18130820
In base 12, what is -50393 - -719?
-4b876
In base 12, what is -5 - -8ba51?
8ba48
In base 8, what is -500664 - -257?
-500405
In base 13, what is -19410 - -62?
-1937b
In base 6, what is -24022 - -3?
-24015
In base 13, what is 4bb654 + 2a?
4bb681
In base 7, what is -21 - -50420?
50366
In base 8, what is -125534311 + 2?
-125534307
In base 4, what is 112330010 - 21?
112323323
In base 13, what is -5 + -3220a?
-32212
In base 11, what is 84848 + -286?
84572
In base 7, what is 35 - -32105?
32143
In base 11, what is -606226 - -299?
-605a38
In base 16, what is -1538c14 - 1?
-1538c15
In base 16, what is f16a - 167f?
daeb
In base 4, what is 13 - -2111201323323?
2111201330002
In base 3, what is -1100 + 210200110?
210122010
In base 14, what is 6791c18 + 1?
6791c19
In base 5, what is -313311 + -13442?
-332303
In base 11, what is 9829144 - -4?
9829148
In base 14, what is a7656 - -743?
a7d99
In base 5, what is -3224 + 31130?
22401
In base 15, what is 16 - 2852ab?
-285295
In base 7, what is 234064 - -231?
234325
In base 6, what is -34142 - 1035?
-35221
In base 2, what is -1100110110 + 10000100100011111?
10000010111101001
In base 10, what is -142112017 + -3?
-142112020
In base 5, what is -10 - -41402223?
41402213
In base 14, what is 9062 - -207b?
b0dd
In base 12, what is 316582b + -5?
3165826
In base 6, what is 31420401 + 2?
31420403
In base 3, what is -2122011022 - -11221?
-2121222101
In base 14, what is -3 + 1172c21?
1172c1c
In base 6, what is 115 - -5440521?
5441040
In base 12, what is -13a74928 + 0?
-13a74928
In base 10, what is 40261 + -3900?
36361
In base 3, what is -201 - -1011010020221120?
1011010020220212
In base 2, what is 10 + 110111111001100110100010?
110111111001100110100100
In base 14, what is 1abd4a9 - 3?
1abd4a6
In base 6, what is 1 + -1531204245?
-1531204244
In base 12, what is -7b26b8 - 2?
-7b26ba
In base 2, what is -10001000111010111011 + -101001011?
-10001001000000000110
In base 4, what is 0 - 2301312113300?
-2301312113300
In base 4, what is -320011 - -1001001112?
1000021101
In base 6, what is -302441550 + 24?
-302441522
In base 16, what is -6d46f - 2d9?
-6d748
In base 4, what is 21021131 + 233?
21022030
In base 10, what is 1659029 + 5?
1659034
In base 13, what is -2186cb57 - -3?
-2186cb54
In base 15, what is 5872 - -29d?
5b20
In base 16, what is -187 + -3f9e?
-4125
In base 10, what is 2809 - -609?
3418
In base 11, what is -24438261 - 3?
-24438264
In base 10, what is 1591 + -2466?
-875
In base 10, what is -4486216 - 77?
-4486293
In base 6, what is -10 - -10453034012?
10453034002
In base 6, what is 1103125020 + -11?
1103125005
In base 3, what is 0 + -202111112000011?
-202111112000011
In base 12, what is -72982 + 175a?
-71224
In base 16, what is 1b2 - -565fd?
567af
In base 8, what is -7356 - 3322?
-12700
In base 8, what is 623 + 40246?
41071
In base 10, what is -3137 - -271?
-2866
In base 13, what is -10853 - -4c3?
-10360
In base 9, what is 3412 + 4083?
7505
In base 12, what is 11a716 + 10?
11a726
In base 11, what is 14 + -838232?
-838219
In base 3, what is -20020001201 - -1000?
-20020000201
In base 7, what is 216433 - -534?
220300
In base 6, what is 3232 + 252053?
255325
In base 11, what is 2631 + 1174a5?
11a026
In base 6, what is 115244 - 41?
115203
In base 12, what is 50a3a - 26?
50a14
In base 8, what is 2513 + 20366?
23101
In base 4, what is 22030 + 2102210311?
2102233001
In base 6, what is 3041115 - -13103?
3054222
In base 12, what is 4 + 2aa05b3?
2aa05b7
In base 12, what is -35 - 78865?
-7889a
In base 12, what is -54 - 59393?
-59427
In base 2, what is -100001010001110 + -1010100101011?
-101011110111001
In base 7, what is 123 + -1363352?
-1363226
In base 12, what is -1651 + 1626?
-27
In base 11, what is -2a54239 - 5?
-2a54243
In base 9, what is 13557554 + 2?
13557556
In base 11, what is -124134313 - -1?
-124134312
In base 7, what is -4511413 + -1?
-4511414
In base 4, what is 12220222130 - -21?
12220222211
In base 10, what is 564 - -40504?
41068
In base 12, what is 2 + -731315b?
-7313159
In base 5, what is -11211 - 12330303?
-12342014
In base 14, what is -958697 - 3?
-95869a
In base 12, what is -1a191 - 287?
-1a458
In base 14, what is 141521 - 0?
141521
In base 6, what is 220113250 + -5?
220113241
In base 8, what is 0 - -135236614?
135236614
In base 7, what is 204032653 - -2?
204032655
In base 5, what is 1232340 + 2132?
1240022
In base 14, what is -1149b - 56b?
-11a28
In base 13, what is 14 + 42a4555?
42a4569
In base 7, what is -620532 + -24134?
-644666
In base 12, what is -128059a + -1?
-128059b
In base 10, what is -22 - 5296088?
-5296110
In base 2, what is 1110010011110011 - -11110101100?
1110110010011111
In base 4, what is 10 - 300233223001?
-300233222331
In base 16, what is -59870dd7 + 5?
-59870dd2
In base 6, what is -555 + 250512?
245513
In base 3, what is 1 + 21211011210111?
21211011210112
In base 8, what is -153432537 + -22?
-153432561
In base 12, what is 3aa732 - 1b4?
3aa53a
In base 16, what is 5 + -9d3aeea?
-9d3aee5
In base 4, what is 2